{"id":1005,"date":"2023-09-21T15:09:23","date_gmt":"2023-09-21T13:09:23","guid":{"rendered":"https:\/\/dan-zlom.pl\/?page_id=1005"},"modified":"2023-09-23T10:52:04","modified_gmt":"2023-09-23T08:52:04","slug":"skup-zlomu-jelenia-gora-kontakt","status":"publish","type":"page","link":"https:\/\/dan-zlom.pl\/?page_id=1005","title":{"rendered":"Kontakt"},"content":{"rendered":"\t\t<div data-elementor-type=\"wp-page\" data-elementor-id=\"1005\" class=\"elementor elementor-1005\" data-elementor-post-type=\"page\">\n\t\t\t\t\t\t\t<div class=\"elementor-element elementor-element-ca9c710 e-con-full e-flex e-con e-parent\" data-id=\"ca9c710\" data-element_type=\"container\" data-settings=\"{&quot;content_width&quot;:&quot;full&quot;}\" data-core-v316-plus=\"true\">\n\t\t\t\t<div class=\"elementor-element elementor-element-768abe6 elementor--h-position-center elementor--v-position-middle elementor-arrows-position-inside elementor-pagination-position-inside elementor-widget elementor-widget-slides\" data-id=\"768abe6\" data-element_type=\"widget\" data-settings=\"{&quot;autoplay_speed&quot;:2969,&quot;transition&quot;:&quot;fade&quot;,&quot;navigation&quot;:&quot;both&quot;,&quot;autoplay&quot;:&quot;yes&quot;,&quot;pause_on_hover&quot;:&quot;yes&quot;,&quot;pause_on_interaction&quot;:&quot;yes&quot;,&quot;infinite&quot;:&quot;yes&quot;,&quot;transition_speed&quot;:500}\" data-widget_type=\"slides.default\">\n\t\t\t\t<div class=\"elementor-widget-container\">\n\t\t\t<style>\/*! elementor-pro - v3.15.0 - 09-08-2023 *\/\n.elementor-slides .swiper-slide-bg{background-size:cover;background-position:50%;background-repeat:no-repeat;min-width:100%;min-height:100%}.elementor-slides .swiper-slide-inner{background-repeat:no-repeat;background-position:50%;position:absolute;top:0;left:0;bottom:0;right:0;padding:50px;margin:auto}.elementor-slides .swiper-slide-inner,.elementor-slides .swiper-slide-inner:hover{color:#fff;display:flex}.elementor-slides .swiper-slide-inner .elementor-background-overlay{position:absolute;z-index:0;top:0;bottom:0;left:0;right:0}.elementor-slides .swiper-slide-inner .elementor-slide-content{position:relative;z-index:1;width:100%}.elementor-slides .swiper-slide-inner .elementor-slide-heading{font-size:35px;font-weight:700;line-height:1}.elementor-slides .swiper-slide-inner .elementor-slide-description{font-size:17px;line-height:1.4}.elementor-slides .swiper-slide-inner .elementor-slide-description:not(:last-child),.elementor-slides .swiper-slide-inner .elementor-slide-heading:not(:last-child){margin-bottom:30px}.elementor-slides .swiper-slide-inner .elementor-slide-button{border:2px solid #fff;color:#fff;background:transparent;display:inline-block}.elementor-slides .swiper-slide-inner .elementor-slide-button,.elementor-slides .swiper-slide-inner .elementor-slide-button:hover{background:transparent;color:inherit;text-decoration:none}.elementor--v-position-top .swiper-slide-inner{align-items:flex-start}.elementor--v-position-bottom .swiper-slide-inner{align-items:flex-end}.elementor--v-position-middle .swiper-slide-inner{align-items:center}.elementor--h-position-left .swiper-slide-inner{justify-content:flex-start}.elementor--h-position-right .swiper-slide-inner{justify-content:flex-end}.elementor--h-position-center .swiper-slide-inner{justify-content:center}body.rtl .elementor-widget-slides .elementor-swiper-button-next{left:10px;right:auto}body.rtl .elementor-widget-slides .elementor-swiper-button-prev{right:10px;left:auto}.elementor-slides-wrapper div:not(.swiper-slide)>.swiper-slide-inner{display:none}@media (max-width:767px){.elementor-slides .swiper-slide-inner{padding:30px}.elementor-slides .swiper-slide-inner .elementor-slide-heading{font-size:23px;line-height:1;margin-bottom:15px}.elementor-slides .swiper-slide-inner .elementor-slide-description{font-size:13px;line-height:1.4;margin-bottom:15px}}<\/style>\t\t<div class=\"elementor-swiper\">\n\t\t\t<div class=\"elementor-slides-wrapper elementor-main-swiper swiper\" dir=\"ltr\" data-animation=\"\">\n\t\t\t\t<div class=\"swiper-wrapper elementor-slides\">\n\t\t\t\t\t\t\t\t\t\t<div class=\"elementor-repeater-item-0634a07 swiper-slide\"><div class=\"swiper-slide-bg elementor-ken-burns elementor-ken-burns--out\" role=\"img\"><\/div><div class=\"elementor-background-overlay\"><\/div><div class=\"swiper-slide-inner\" ><div class=\"swiper-slide-contents\"><div class=\"elementor-slide-heading\">KONTAKT<\/div><\/div><\/div><\/div>\t\t\t\t<\/div>\n\t\t\t\t\t\t\t<\/div>\n\t\t<\/div>\n\t\t\t\t<\/div>\n\t\t\t\t<\/div>\n\t\t\t\t<\/div>\n\t\t<div class=\"elementor-element elementor-element-4e033e5 e-flex e-con-boxed e-con e-parent\" data-id=\"4e033e5\" data-element_type=\"container\" data-settings=\"{&quot;background_background&quot;:&quot;classic&quot;,&quot;content_width&quot;:&quot;boxed&quot;}\" data-core-v316-plus=\"true\">\n\t\t\t\t\t<div class=\"e-con-inner\">\n\t\t<div class=\"elementor-element elementor-element-cc54656 e-flex e-con-boxed e-con e-child\" data-id=\"cc54656\" data-element_type=\"container\" data-settings=\"{&quot;background_background&quot;:&quot;classic&quot;,&quot;content_width&quot;:&quot;boxed&quot;}\">\n\t\t\t\t\t<div class=\"e-con-inner\">\n\t\t<div class=\"elementor-element elementor-element-964581f e-con-full e-flex elementor-invisible e-con e-child\" data-id=\"964581f\" data-element_type=\"container\" data-settings=\"{&quot;content_width&quot;:&quot;full&quot;,&quot;background_background&quot;:&quot;classic&quot;,&quot;animation&quot;:&quot;pulse&quot;}\">\n\t\t\t\t<div class=\"elementor-element elementor-element-0eb0c8a elementor-widget elementor-widget-heading\" data-id=\"0eb0c8a\" data-element_type=\"widget\" data-widget_type=\"heading.default\">\n\t\t\t\t<div class=\"elementor-widget-container\">\n\t\t\t<style>\/*! elementor - v3.16.0 - 12-09-2023 *\/\n.elementor-heading-title{padding:0;margin:0;line-height:1}.elementor-widget-heading .elementor-heading-title[class*=elementor-size-]>a{color:inherit;font-size:inherit;line-height:inherit}.elementor-widget-heading .elementor-heading-title.elementor-size-small{font-size:15px}.elementor-widget-heading .elementor-heading-title.elementor-size-medium{font-size:19px}.elementor-widget-heading .elementor-heading-title.elementor-size-large{font-size:29px}.elementor-widget-heading .elementor-heading-title.elementor-size-xl{font-size:39px}.elementor-widget-heading .elementor-heading-title.elementor-size-xxl{font-size:59px}<\/style><h2 class=\"elementor-heading-title elementor-size-default\">Sk\u0142ad opa\u0142u Skup Z\u0142omu<\/h2>\t\t<\/div>\n\t\t\t\t<\/div>\n\t\t\t\t<\/div>\n\t\t<div class=\"elementor-element elementor-element-e95cbae e-con-full e-flex e-con e-child\" data-id=\"e95cbae\" data-element_type=\"container\" data-settings=\"{&quot;content_width&quot;:&quot;full&quot;,&quot;background_background&quot;:&quot;classic&quot;}\">\n\t\t\t\t<div class=\"elementor-element elementor-element-2af0899 elementor-widget elementor-widget-text-editor\" data-id=\"2af0899\" data-element_type=\"widget\" data-widget_type=\"text-editor.default\">\n\t\t\t\t<div class=\"elementor-widget-container\">\n\t\t\t<style>\/*! elementor - v3.16.0 - 12-09-2023 *\/\n.elementor-widget-text-editor.elementor-drop-cap-view-stacked .elementor-drop-cap{background-color:#69727d;color:#fff}.elementor-widget-text-editor.elementor-drop-cap-view-framed .elementor-drop-cap{color:#69727d;border:3px solid;background-color:transparent}.elementor-widget-text-editor:not(.elementor-drop-cap-view-default) .elementor-drop-cap{margin-top:8px}.elementor-widget-text-editor:not(.elementor-drop-cap-view-default) .elementor-drop-cap-letter{width:1em;height:1em}.elementor-widget-text-editor .elementor-drop-cap{float:left;text-align:center;line-height:1;font-size:50px}.elementor-widget-text-editor .elementor-drop-cap-letter{display:inline-block}<\/style>\t\t\t\t<p>Adres<\/p>\t\t\t\t\t\t<\/div>\n\t\t\t\t<\/div>\n\t\t\t\t<div class=\"elementor-element elementor-element-5c509d3 elementor-widget elementor-widget-text-editor\" data-id=\"5c509d3\" data-element_type=\"widget\" data-widget_type=\"text-editor.default\">\n\t\t\t\t<div class=\"elementor-widget-container\">\n\t\t\t\t\t\t\t<p>Sk\u0142ad opa\u0142u skup z\u0142omu i metali kolorowych Dan-Z\u0142om w Jeleniej G\u00f3rze.<\/p>\t\t\t\t\t\t<\/div>\n\t\t\t\t<\/div>\n\t\t\t\t<div class=\"elementor-element elementor-element-0bfaa14 elementor-icon-list--layout-traditional elementor-list-item-link-full_width elementor-widget elementor-widget-icon-list\" data-id=\"0bfaa14\" data-element_type=\"widget\" data-widget_type=\"icon-list.default\">\n\t\t\t\t<div class=\"elementor-widget-container\">\n\t\t\t<link rel=\"stylesheet\" href=\"https:\/\/dan-zlom.pl\/wp-content\/plugins\/elementor\/assets\/css\/widget-icon-list.min.css\">\t\t<ul class=\"elementor-icon-list-items\">\n\t\t\t\t\t\t\t<li class=\"elementor-icon-list-item\">\n\t\t\t\t\t\t\t\t\t\t\t<span class=\"elementor-icon-list-icon\">\n\t\t\t\t\t\t\t<i aria-hidden=\"true\" class=\"icon icon-map-marker1\"><\/i>\t\t\t\t\t\t<\/span>\n\t\t\t\t\t\t\t\t\t\t<span class=\"elementor-icon-list-text\">58-500 Jelenia G\u00f3ra ul. \u0141omnicka 28\/1<\/span>\n\t\t\t\t\t\t\t\t\t<\/li>\n\t\t\t\t\t\t\t\t<li class=\"elementor-icon-list-item\">\n\t\t\t\t\t\t\t\t\t\t\t<span class=\"elementor-icon-list-icon\">\n\t\t\t\t\t\t\t<i aria-hidden=\"true\" class=\"icon icon-phone-handset\"><\/i>\t\t\t\t\t\t<\/span>\n\t\t\t\t\t\t\t\t\t\t<span class=\"elementor-icon-list-text\">+ 48 669 618 235<\/span>\n\t\t\t\t\t\t\t\t\t<\/li>\n\t\t\t\t\t\t<\/ul>\n\t\t\t\t<\/div>\n\t\t\t\t<\/div>\n\t\t\t\t<\/div>\n\t\t<div class=\"elementor-element elementor-element-cf69837 e-con-full e-flex e-con e-child\" data-id=\"cf69837\" data-element_type=\"container\" data-settings=\"{&quot;content_width&quot;:&quot;full&quot;,&quot;background_background&quot;:&quot;classic&quot;}\">\n\t\t\t\t<div class=\"elementor-element elementor-element-b34c7c4 elementor-widget elementor-widget-text-editor\" data-id=\"b34c7c4\" data-element_type=\"widget\" data-widget_type=\"text-editor.default\">\n\t\t\t\t<div class=\"elementor-widget-container\">\n\t\t\t\t\t\t\t<p>GODZNY PRACY<\/p>\t\t\t\t\t\t<\/div>\n\t\t\t\t<\/div>\n\t\t\t\t<div class=\"elementor-element elementor-element-0e8c4ae elementor-widget elementor-widget-text-editor\" data-id=\"0e8c4ae\" data-element_type=\"widget\" data-widget_type=\"text-editor.default\">\n\t\t\t\t<div class=\"elementor-widget-container\">\n\t\t\t\t\t\t\t<p>Zapraszamy do nas w godzinach pracy od poniedzia\u0142ku do soboty.<\/p>\t\t\t\t\t\t<\/div>\n\t\t\t\t<\/div>\n\t\t\t\t<div class=\"elementor-element elementor-element-e0b17a6 elementor-icon-list--layout-traditional elementor-list-item-link-full_width elementor-widget elementor-widget-icon-list\" data-id=\"e0b17a6\" data-element_type=\"widget\" data-widget_type=\"icon-list.default\">\n\t\t\t\t<div class=\"elementor-widget-container\">\n\t\t\t\t\t<ul class=\"elementor-icon-list-items\">\n\t\t\t\t\t\t\t<li class=\"elementor-icon-list-item\">\n\t\t\t\t\t\t\t\t\t\t\t<span class=\"elementor-icon-list-icon\">\n\t\t\t\t\t\t\t<i aria-hidden=\"true\" class=\"icon icon-clock2\"><\/i>\t\t\t\t\t\t<\/span>\n\t\t\t\t\t\t\t\t\t\t<span class=\"elementor-icon-list-text\">Pon - pt : 7:30 - 16:00 <\/br>Sobota:  7:30 - 14:00<\/span>\n\t\t\t\t\t\t\t\t\t<\/li>\n\t\t\t\t\t\t<\/ul>\n\t\t\t\t<\/div>\n\t\t\t\t<\/div>\n\t\t\t\t<\/div>\n\t\t<div class=\"elementor-element elementor-element-d0b810d e-con-full e-flex e-con e-child\" data-id=\"d0b810d\" data-element_type=\"container\" data-settings=\"{&quot;content_width&quot;:&quot;full&quot;,&quot;background_background&quot;:&quot;classic&quot;}\">\n\t\t\t\t<div class=\"elementor-element elementor-element-d3de401 elementor-widget elementor-widget-text-editor\" data-id=\"d3de401\" data-element_type=\"widget\" data-widget_type=\"text-editor.default\">\n\t\t\t\t<div class=\"elementor-widget-container\">\n\t\t\t\t\t\t\t<p>KONKURENCYJNE CENY<\/p>\t\t\t\t\t\t<\/div>\n\t\t\t\t<\/div>\n\t\t\t\t<div class=\"elementor-element elementor-element-b58d056 elementor-widget elementor-widget-text-editor\" data-id=\"b58d056\" data-element_type=\"widget\" data-widget_type=\"text-editor.default\">\n\t\t\t\t<div class=\"elementor-widget-container\">\n\t\t\t\t\t\t\t<p>Zapewniamy atrakcyjne ceny, dzi\u0119ki czemu ogrzewanie domu nie obci\u0105\u017ca nadmiernie bud\u017cetu rodzinnego.<\/p>\t\t\t\t\t\t<\/div>\n\t\t\t\t<\/div>\n\t\t\t\t<\/div>\n\t\t\t\t\t<\/div>\n\t\t\t\t<\/div>\n\t\t\t\t<div class=\"elementor-element elementor-element-f02f1bf elementor-widget elementor-widget-image\" data-id=\"f02f1bf\" data-element_type=\"widget\" data-widget_type=\"image.default\">\n\t\t\t\t<div class=\"elementor-widget-container\">\n\t\t\t<style>\/*! elementor - v3.16.0 - 12-09-2023 *\/\n.elementor-widget-image{text-align:center}.elementor-widget-image a{display:inline-block}.elementor-widget-image a img[src$=\".svg\"]{width:48px}.elementor-widget-image img{vertical-align:middle;display:inline-block}<\/style>\t\t\t\t\t\t\t\t\t\t\t\t<img loading=\"lazy\" decoding=\"async\" width=\"800\" height=\"483\" src=\"https:\/\/dan-zlom.pl\/wp-content\/uploads\/2023\/09\/wegiel.png\" class=\"attachment-large size-large wp-image-120\" alt=\"W\u0119giel Jelenia G\u00f3ra\" srcset=\"https:\/\/dan-zlom.pl\/wp-content\/uploads\/2023\/09\/wegiel.png 800w, https:\/\/dan-zlom.pl\/wp-content\/uploads\/2023\/09\/wegiel-300x181.png 300w, https:\/\/dan-zlom.pl\/wp-content\/uploads\/2023\/09\/wegiel-768x464.png 768w\" sizes=\"auto, (max-width: 800px) 100vw, 800px\" \/>\t\t\t\t\t\t\t\t\t\t\t\t\t\t\t<\/div>\n\t\t\t\t<\/div>\n\t\t\t\t\t<\/div>\n\t\t\t\t<\/div>\n\t\t\t\t<section class=\"elementor-section elementor-top-section elementor-element elementor-element-37ac82c1 elementor-section-height-min-height elementor-section-full_width elementor-section-items-stretch elementor-section-content-bottom elementor-section-height-default\" data-id=\"37ac82c1\" data-element_type=\"section\">\n\t\t\t\t\t\t<div class=\"elementor-container elementor-column-gap-no\">\n\t\t\t\t\t<div class=\"elementor-column elementor-col-100 elementor-top-column elementor-element elementor-element-2795e3e8\" data-id=\"2795e3e8\" data-element_type=\"column\">\n\t\t\t<div class=\"elementor-widget-wrap elementor-element-populated\">\n\t\t\t\t\t\t\t\t<div class=\"elementor-element elementor-element-13e78b0e elementor-widget elementor-widget-google_maps\" data-id=\"13e78b0e\" data-element_type=\"widget\" data-widget_type=\"google_maps.default\">\n\t\t\t\t<div class=\"elementor-widget-container\">\n\t\t\t<style>\/*! elementor - v3.16.0 - 12-09-2023 *\/\n.elementor-widget-google_maps .elementor-widget-container{overflow:hidden}.elementor-widget-google_maps .elementor-custom-embed{line-height:0}.elementor-widget-google_maps iframe{height:300px}<\/style>\t\t<div class=\"elementor-custom-embed\">\n\t\t\t<iframe loading=\"lazy\"\n\t\t\t\t\tsrc=\"https:\/\/maps.google.com\/maps?q=dan-z%C5%82om%20jelenia%20g%C3%B3ra&#038;t=m&#038;z=14&#038;output=embed&#038;iwloc=near\"\n\t\t\t\t\ttitle=\"dan-z\u0142om jelenia g\u00f3ra\"\n\t\t\t\t\taria-label=\"dan-z\u0142om jelenia g\u00f3ra\"\n\t\t\t><\/iframe>\n\t\t<\/div>\n\t\t\t\t<\/div>\n\t\t\t\t<\/div>\n\t\t\t\t\t<\/div>\n\t\t<\/div>\n\t\t\t\t\t\t\t<\/div>\n\t\t<\/section>\n\t\t\t\t\t\t\t<\/div>\n\t\t","protected":false},"excerpt":{"rendered":"<p>KONTAKT Sk\u0142ad opa\u0142u Skup Z\u0142omu Adres Sk\u0142ad opa\u0142u skup z\u0142omu i metali kolorowych Dan-Z\u0142om w Jeleniej G\u00f3rze. &nbsp; 58-500 Jelenia G\u00f3ra ul. \u0141omnicka 28\/1 + 48 669 618 235 GODZNY PRACY Zapraszamy do nas w godzinach pracy od poniedzia\u0142ku do soboty. Pon &#8211; pt : 7:30 &#8211; 16:00 Sobota: 7:30 &#8211; 14:00 KONKURENCYJNE CENY Zapewniamy &hellip;<\/p>\n<p class=\"read-more\"> <a class=\"\" href=\"https:\/\/dan-zlom.pl\/?page_id=1005\"> <span class=\"screen-reader-text\">Kontakt<\/span> Read More &raquo;<\/a><\/p>\n","protected":false},"author":1,"featured_media":0,"parent":0,"menu_order":0,"comment_status":"closed","ping_status":"closed","template":"","meta":{"site-sidebar-layout":"no-sidebar","site-content-layout":"","ast-site-content-layout":"full-width-container","site-content-style":"default","site-sidebar-style":"default","ast-global-header-display":"","ast-banner-title-visibility":"disabled","ast-main-header-display":"disabled","ast-hfb-above-header-display":"","ast-hfb-below-header-display":"","ast-hfb-mobile-header-display":"disabled","site-post-title":"disabled","ast-breadcrumbs-content":"disabled","ast-featured-img":"disabled","footer-sml-layout":"disabled","theme-transparent-header-meta":"default","adv-header-id-meta":"","stick-header-meta":"","header-above-stick-meta":"","header-main-stick-meta":"","header-below-stick-meta":"","astra-migrate-meta-layouts":"set","footnotes":""},"class_list":["post-1005","page","type-page","status-publish","hentry"],"yoast_head":"<!-- This site is optimized with the Yoast SEO plugin v21.2 - https:\/\/yoast.com\/wordpress\/plugins\/seo\/ -->\n<title>Kontakt - Dan-Z\u0142om Sk\u0142ad Opa\u0142u Jelenia G\u00f3ra | Skup Z\u0142omu Jelenia G\u00f3ra<\/title>\n<meta name=\"description\" content=\"Napisz od nas. Jeste\u015bmy skupem z\u0142omu i metali kolorowych w Jeleniej G\u00f3rze, oferujemy najlepsze ceny w regionie oraz fachow\u0105 obs\u0142ug\u0119.\" \/>\n<meta name=\"robots\" content=\"index, follow, max-snippet:-1, max-image-preview:large, max-video-preview:-1\" \/>\n<link rel=\"canonical\" href=\"https:\/\/dan-zlom.pl\/?page_id=1005\" \/>\n<meta property=\"og:locale\" content=\"pl_PL\" \/>\n<meta property=\"og:type\" content=\"article\" \/>\n<meta property=\"og:title\" content=\"Kontakt - Dan-Z\u0142om Sk\u0142ad Opa\u0142u Jelenia G\u00f3ra | Skup Z\u0142omu Jelenia G\u00f3ra\" \/>\n<meta property=\"og:description\" content=\"Napisz od nas. Jeste\u015bmy skupem z\u0142omu i metali kolorowych w Jeleniej G\u00f3rze, oferujemy najlepsze ceny w regionie oraz fachow\u0105 obs\u0142ug\u0119.\" \/>\n<meta property=\"og:url\" content=\"https:\/\/dan-zlom.pl\/?page_id=1005\" \/>\n<meta property=\"og:site_name\" content=\"Dan-Z\u0142om Sk\u0142ad Opa\u0142u Jelenia G\u00f3ra | Skup Z\u0142omu Jelenia G\u00f3ra\" \/>\n<meta property=\"article:modified_time\" content=\"2023-09-23T08:52:04+00:00\" \/>\n<meta property=\"og:image\" content=\"http:\/\/dan-zlom.pl\/wp-content\/uploads\/2023\/09\/wegiel.png\" \/>\n<meta name=\"twitter:card\" content=\"summary_large_image\" \/>\n<meta name=\"twitter:label1\" content=\"Szacowany czas czytania\" \/>\n\t<meta name=\"twitter:data1\" content=\"1 minuta\" \/>\n<script type=\"application\/ld+json\" class=\"yoast-schema-graph\">{\"@context\":\"https:\/\/schema.org\",\"@graph\":[{\"@type\":\"WebPage\",\"@id\":\"https:\/\/dan-zlom.pl\/?page_id=1005\",\"url\":\"https:\/\/dan-zlom.pl\/?page_id=1005\",\"name\":\"Kontakt - Dan-Z\u0142om Sk\u0142ad Opa\u0142u Jelenia G\u00f3ra | Skup Z\u0142omu Jelenia G\u00f3ra\",\"isPartOf\":{\"@id\":\"https:\/\/dan-zlom.pl\/#website\"},\"datePublished\":\"2023-09-21T13:09:23+00:00\",\"dateModified\":\"2023-09-23T08:52:04+00:00\",\"description\":\"Napisz od nas. Jeste\u015bmy skupem z\u0142omu i metali kolorowych w Jeleniej G\u00f3rze, oferujemy najlepsze ceny w regionie oraz fachow\u0105 obs\u0142ug\u0119.\",\"breadcrumb\":{\"@id\":\"https:\/\/dan-zlom.pl\/?page_id=1005#breadcrumb\"},\"inLanguage\":\"pl-PL\",\"potentialAction\":[{\"@type\":\"ReadAction\",\"target\":[\"https:\/\/dan-zlom.pl\/?page_id=1005\"]}]},{\"@type\":\"BreadcrumbList\",\"@id\":\"https:\/\/dan-zlom.pl\/?page_id=1005#breadcrumb\",\"itemListElement\":[{\"@type\":\"ListItem\",\"position\":1,\"name\":\"Strona g\u0142\u00f3wna\",\"item\":\"https:\/\/dan-zlom.pl\/\"},{\"@type\":\"ListItem\",\"position\":2,\"name\":\"Kontakt\"}]},{\"@type\":\"WebSite\",\"@id\":\"https:\/\/dan-zlom.pl\/#website\",\"url\":\"https:\/\/dan-zlom.pl\/\",\"name\":\"Dan-Z\u0142om Sk\u0142ad Opa\u0142u Jelenia G\u00f3ra | Skup Z\u0142omu Jelenia G\u00f3ra\",\"description\":\"\",\"potentialAction\":[{\"@type\":\"SearchAction\",\"target\":{\"@type\":\"EntryPoint\",\"urlTemplate\":\"https:\/\/dan-zlom.pl\/?s={search_term_string}\"},\"query-input\":\"required name=search_term_string\"}],\"inLanguage\":\"pl-PL\"}]}<\/script>\n<!-- \/ Yoast SEO plugin. -->","yoast_head_json":{"title":"Kontakt - Dan-Z\u0142om Sk\u0142ad Opa\u0142u Jelenia G\u00f3ra | Skup Z\u0142omu Jelenia G\u00f3ra","description":"Napisz od nas. Jeste\u015bmy skupem z\u0142omu i metali kolorowych w Jeleniej G\u00f3rze, oferujemy najlepsze ceny w regionie oraz fachow\u0105 obs\u0142ug\u0119.","robots":{"index":"index","follow":"follow","max-snippet":"max-snippet:-1","max-image-preview":"max-image-preview:large","max-video-preview":"max-video-preview:-1"},"canonical":"https:\/\/dan-zlom.pl\/?page_id=1005","og_locale":"pl_PL","og_type":"article","og_title":"Kontakt - Dan-Z\u0142om Sk\u0142ad Opa\u0142u Jelenia G\u00f3ra | Skup Z\u0142omu Jelenia G\u00f3ra","og_description":"Napisz od nas. Jeste\u015bmy skupem z\u0142omu i metali kolorowych w Jeleniej G\u00f3rze, oferujemy najlepsze ceny w regionie oraz fachow\u0105 obs\u0142ug\u0119.","og_url":"https:\/\/dan-zlom.pl\/?page_id=1005","og_site_name":"Dan-Z\u0142om Sk\u0142ad Opa\u0142u Jelenia G\u00f3ra | Skup Z\u0142omu Jelenia G\u00f3ra","article_modified_time":"2023-09-23T08:52:04+00:00","og_image":[{"url":"http:\/\/dan-zlom.pl\/wp-content\/uploads\/2023\/09\/wegiel.png"}],"twitter_card":"summary_large_image","twitter_misc":{"Szacowany czas czytania":"1 minuta"},"schema":{"@context":"https:\/\/schema.org","@graph":[{"@type":"WebPage","@id":"https:\/\/dan-zlom.pl\/?page_id=1005","url":"https:\/\/dan-zlom.pl\/?page_id=1005","name":"Kontakt - Dan-Z\u0142om Sk\u0142ad Opa\u0142u Jelenia G\u00f3ra | Skup Z\u0142omu Jelenia G\u00f3ra","isPartOf":{"@id":"https:\/\/dan-zlom.pl\/#website"},"datePublished":"2023-09-21T13:09:23+00:00","dateModified":"2023-09-23T08:52:04+00:00","description":"Napisz od nas. Jeste\u015bmy skupem z\u0142omu i metali kolorowych w Jeleniej G\u00f3rze, oferujemy najlepsze ceny w regionie oraz fachow\u0105 obs\u0142ug\u0119.","breadcrumb":{"@id":"https:\/\/dan-zlom.pl\/?page_id=1005#breadcrumb"},"inLanguage":"pl-PL","potentialAction":[{"@type":"ReadAction","target":["https:\/\/dan-zlom.pl\/?page_id=1005"]}]},{"@type":"BreadcrumbList","@id":"https:\/\/dan-zlom.pl\/?page_id=1005#breadcrumb","itemListElement":[{"@type":"ListItem","position":1,"name":"Strona g\u0142\u00f3wna","item":"https:\/\/dan-zlom.pl\/"},{"@type":"ListItem","position":2,"name":"Kontakt"}]},{"@type":"WebSite","@id":"https:\/\/dan-zlom.pl\/#website","url":"https:\/\/dan-zlom.pl\/","name":"Dan-Z\u0142om Sk\u0142ad Opa\u0142u Jelenia G\u00f3ra | Skup Z\u0142omu Jelenia G\u00f3ra","description":"","potentialAction":[{"@type":"SearchAction","target":{"@type":"EntryPoint","urlTemplate":"https:\/\/dan-zlom.pl\/?s={search_term_string}"},"query-input":"required name=search_term_string"}],"inLanguage":"pl-PL"}]}},"_links":{"self":[{"href":"https:\/\/dan-zlom.pl\/index.php?rest_route=\/wp\/v2\/pages\/1005","targetHints":{"allow":["GET"]}}],"collection":[{"href":"https:\/\/dan-zlom.pl\/index.php?rest_route=\/wp\/v2\/pages"}],"about":[{"href":"https:\/\/dan-zlom.pl\/index.php?rest_route=\/wp\/v2\/types\/page"}],"author":[{"embeddable":true,"href":"https:\/\/dan-zlom.pl\/index.php?rest_route=\/wp\/v2\/users\/1"}],"replies":[{"embeddable":true,"href":"https:\/\/dan-zlom.pl\/index.php?rest_route=%2Fwp%2Fv2%2Fcomments&post=1005"}],"version-history":[{"count":23,"href":"https:\/\/dan-zlom.pl\/index.php?rest_route=\/wp\/v2\/pages\/1005\/revisions"}],"predecessor-version":[{"id":1192,"href":"https:\/\/dan-zlom.pl\/index.php?rest_route=\/wp\/v2\/pages\/1005\/revisions\/1192"}],"wp:attachment":[{"href":"https:\/\/dan-zlom.pl\/index.php?rest_route=%2Fwp%2Fv2%2Fmedia&parent=1005"}],"curies":[{"name":"wp","href":"https:\/\/api.w.org\/{rel}","templated":true}]}}